et n = -42 + v. Suppose n*d = -0*d + 141. What is the tens digit of d?
4
Suppose -3*m - 2*i = -4062, 4*m - 3340 = -5*i + 2069. Let y = m + -697. What is the tens digit of y?
5
What is the units digit of (-5 - 61084/(-20) - 2/10)*1?
9
Let z(d) = -66*d + 148. Let x(b) = -68*b + 149. Let t(s) = 5*x(s) - 6*z(s). What is the tens digit of t(10)?
1
Suppose 3*j - 11763 = t, -3*j + 11149 + 614 = -3*t. What is the tens digit of j?
2
Let f(k) = 5*k**2 + 10*k - 39. Let r be f(13). Suppose -4*i + 2*p + r = 4*p, 2*i = -3*p + 464. What is the tens digit of i?
3
Let u = -7568 + 8188. What is the tens digit of u?
2
Let t = -74 - -81. Suppose t*f - 5*f - 5*a - 352 = 0, -3*f + 519 = -3*a. What is the hundreds digit of f?
1
Let f = 4731 - 1529. What is the hundreds digit of f?
2
Let w(g) = -2*g**2 + 47*g - 15. Let j be w(23). Suppose 2*p = -j*p + 5500. What is the tens digit of p?
5
Let q = -33575 + 60435. What is the tens digit of q?
6
Let g be ((-15)/(-9) + 0)*(1421 - -31). Suppose -3*b + 23 + 7 = 5*d, b = -2*d + 11. Suppose -d*h - 8*h + g = 0. What is the tens digit of h?
2
Let v(q) = -2*q**2 - 6*q + 31. Let x be v(-6). What is the tens digit of (-159*(-4)/15)/((-2)/x)?
0
What is the ten thousands digit of 16/(192/299980) + 3 - 8/6?
2
Let k(j) = -2*j - 6. Let c be k(-3). Let g be c + (-3)/(-3) - (-2 - -1). What is the tens digit of g/(-6) + (-1020)/(-36)?
2
Suppose -322890 = -5*t + 2*q, 31*t + q = 33*t - 129157. What is the units digit of t?
6
Let z be (-20 + 0)*1/((-24)/(-18)). Let a be (((-3)/(-2))/1)/(z/(-1220)). Let r = -29 + a. What is the tens digit of r?
9
Let a(f) = -2*f - 2. Suppose -5*v = -5*j + 10, j + v = -j - 2. Let r be a(j). What is the units digit of ((-15)/20)/(r/160)?
0
Let c(d) be the second derivative of d**4/12 - 11*d**3/6 + 15*d**2/2 - 9*d + 2. Let t be c(-11). What is the tens digit of (4 + -4 + 3)/(3/t)?
5
Let n = -614 - -404. Let s = n + 855. What is the hundreds digit of s?
6
Let t = -4880 + 5904. What is the tens digit of t?
2
Let c(b) = -4*b - 14. Let d be c(-2). What is the tens digit of 9*(d/(-9))/((-2)/(-33))?
9
Suppose -g - 4 + 8 = 0. Let o(x) = g*x - 12 + x + x. What is the tens digit of o(6)?
2
Let r(n) = -27 - 4*n**3 + 10*n + 5*n**3 + n**3 - 17*n**2 - 21. What is the units digit of r(12)?
0
Let x be (-4780)/(-2)*(-16 + 18). Suppose -x = -20*m + 3700. What is the tens digit of m?
2
Let z = 202 - -491. What is the units digit of (3 + z/5)*(-30)/(-12)?
4
Let i = 2783 + -1364. What is the tens digit of i?
1
What is the units digit of (21 - (1 - -16)) + 6?
0
Let p = 16 + 4. Let y be -8 - -6 - p/2. What is the tens digit of 3*(-1 + (-352)/y)?
8
Suppose -5*t + 75136 = 13471. What is the units digit of t?
3
Let c be (38/(-133))/((-2)/98). Suppose -2*f + 288 = c*f. What is the tens digit of f?
1
Let w = -595 + 1148. Let v = -156 + w. What is the units digit of v?
7
Let u = -800 + 773. What is the tens digit of (-26736)/u + ((-128)/(-72))/(-8)?
9
Let k be (17 - -5)/((-1)/(-84)). Let g = k + -1256. What is the units digit of g?
2
Let t(k) be the first derivative of -1/4*k**4 + 0*k**2 + 4*k**3 - 12 - 13*k. What is the tens digit of t(11)?
0
Let d(m) = 6*m**2 - 9*m + 599. What is the units digit of d(18)?
1
What is the tens digit of -2 + -17 - (-48109 - -96)?
9
Let x be ((-31938)/(-12))/(4/8). Suppose 5*k - x = g, -2*k + 3*g + 29 = -2108. What is the hundreds digit of k?
0
Let x(h) = -h**2. Let s(m) = m**3 + 11*m**2 + 2*m + 10. Let r(v) = s(v) + 6*x(v). Let b be r(-5). Suppose b = 8*k - 6*k - 392. What is the units digit of k?
6
Let r(s) = -3*s**2 - 8*s + 4*s**2 - 1614 + 37*s + 1613. What is the units digit of r(-37)?
5
Let z be (-3 + -2)/(2/(-854)). Suppose -21*m + 14*m + z = 0. What is the tens digit of m?
0
Let r(h) = -3744*h - 7943. What is the tens digit of r(-15)?
1
Let n(h) = -h**2 - 11*h - 6. Let i be n(-10). Suppose i*j + 1302 = 3214. What is the tens digit of j?
7
Suppose 13757 - 71047 = -17*y. What is the tens digit of y?
7
Let r = 41308 + -20341. What is the tens digit of r?
6
Let h be ((-2)/(-1))/(4/6). Suppose -o + 214 = -h*r - 170, 0 = 5*r + 20. What is the tens digit of o?
7
Let m = -329 + -126. Let h = m + 884. What is the tens digit of h?
2
Let u(w) = -w**3 + w**2 - 2*w. Let c(j) = 25*j**3 - 8*j**2 + 6*j + 9. Let t(l) = c(l) + 4*u(l). What is the tens digit of t(3)?
3
Let f be (-103)/15 + 20/(-150). Let z = 26 + f. Suppose z*r = 21*r - 296. What is the hundreds digit of r?
1
Suppose 88*i - 52311 = -r + 92*i, 5*r - 261445 = -2*i. What is the tens digit of r?
9
Let g(m) = m + 150. Let k be g(0). Let s be (6/36)/(11/6 + -2)*-2. Suppose k = s*l + 5*q, -246 = -3*l - 5*q - 26. What is the tens digit of l?
7
Let k(c) = 4691*c**2 + 442*c + 441. What is the thousands digit of k(-1)?
4
Let z(x) = -120 + 55*x - 15*x + 20*x. What is the tens digit of z(9)?
2
Let t(u) = -3*u**2 - 33*u + 3. Let c be t(-11). What is the units digit of (((-78)/(-12))/1)/(c/30)?
5
Suppose 28*z = 7*z + 1260. Suppose -z*b + 54 = -54*b. What is the units digit of b?
9
Let h(t) = 52*t**2 - 85*t - 33. What is the hundreds digit of h(10)?
3
Suppose 63*k = 94*k - 87327. What is the units digit of k?
7
What is the tens digit of (-491004)/(-108) + (-2)/6?
4
Let c(u) = -u**3 - 48*u**2 + 47*u + 98. What is the thousands digit of c(-54)?
5
Suppose 925 = 3*z - 530. Suppose -6*g = -4*g - i + 541, 0 = -3*g - 4*i - 828. Let w = z + g. What is the units digit of w?
3
Let c(f) = 174*f**2 + 8*f + 90. What is the units digit of c(-4)?
2
Let b(x) = x**2 + 3*x + 11. Let a be b(0). Let i(n) = n**2 - 2*n - 7. Let r be i(a). Suppose -3*s + 127 = -r. What is the units digit of s?
3
Suppose -18117 = -2*z - 3*b, -1841 = -2*z + 5*b + 16316. What is the tens digit of z?
6
Suppose 0 = -1234*m + 1207*m + 355617. What is the thousands digit of m?
3
Let z(d) = 0 - 4 + 16*d + 6*d**2 + 6 - 7*d**2. Let h be z(16). Suppose 0 = -h*n + 196 - 0. What is the units digit of n?
8
What is the thousands digit of (-3 - -2)*20*(-146 - -2)?
2
Suppose 455 = 8*a + 5*a. Suppose -38*p - 5*r = -a*p - 2541, -4225 = -5*p - 5*r. What is the hundreds digit of p?
8
What is the tens digit of (-56)/21*3*-1363?
0
Let b = 18348 + -9262. What is the units digit of b?
6
Let r(g) = -g**3 - 9*g**2 - 9*g - 11. Let x(s) = -s**3 - 9*s**2 - 9*s - 10. Let a be 68/20 - 6/15. Let j(k) = a*x(k) - 4*r(k). What is the tens digit of j(-7)?
4
Let x = -391 - -387. Let n(c) = 78*c**2 + 12*c + 25. What is the units digit of n(x)?
5
Suppose -12*q - 2*q = -28. Suppose -h + 3*f + 11 = 15, -4 = -2*h + q*f. What is the units digit of h?
5
Suppose -69*j + 66075 = -63*j - 30399. What is the ten thousands digit of j?
1
Suppose -20*u - 46*u + 1387980 = -845856. What is the hundreds digit of u?
8
Suppose 13*i + 9*i - 23608 = 9*i. What is the thousands digit of i?
1
Suppose -28*j - 354681 = -160*j + 596247. What is the tens digit of j?
0
Let c(d) = -d**3 + 2*d. Let l be c(-2). Suppose -3*t = -2*j + 484, -l*j - 3*t + 4*t = -988. Let n = j - 174. What is the tens digit of n?
7
Suppose 0 = -4*c + 3 - 55. Let q = 18 + c. Suppose q*f = -h + 176, -2*h - 93 + 25 = -2*f. What is the units digit of f?
5
Suppose 5*v - 11553 = -3*x, -5*v - 15474 = 2*x - 6*x. What is the hundreds digit of x?
8
What is the hundreds digit of 1761 + 8 + 1 - 4?
7
Suppose -860*g + 973*g = 803543. What is the units digit of g?
1
Let o(t) = -168*t - 21. Let d(r) = -252*r - 32. Let m(v) = 5*d(v) - 8*o(v). What is the tens digit of m(4)?
4
Suppose 15627 = -143*g + 182*g - 24270. What is the units digit of g?
3
Suppose -3*z = -3*p + 20793, 5 = p - 0. Let k be z/(-14) + 14/49. Suppose 3*q = 4*d - 380, 5*q - 20 = 5*d - k. What is the tens digit of d?
9
Let m be (-5)/(35/(-28)) - (-3 - 1). Suppose -m = -2*s, -22 = 5*z + 3*s - 604. Suppose 4*t = -2*u + z, -t + 147 = 4*t + u. What is the tens digit of t?
3
Let q(d) = -20*d + 156. Let n be q(8). What is the hundreds digit of 243 - 10*((-16)/(-10))/n?
2
Suppose -4*l = -15*l + 46904. Suppose -3*p + 9 = 0, 4*g - 25*p - l = -21*p. What is the tens digit of g?
6
Let m be -12*((-1)/2 - (-6)/36). Suppose 4*o - 2700 = -4*z, 4*o = -24 + m. What is the units digit of z?
0
Let x = 307 - 227. Suppose 2*c - 62 = -2*n, 0*n - 151 = -4*c + 5*n. Let l = c + x. What is the units digit of l?
4
Suppose 1314 = 13*q + 5*q. Let m = q + -68. Suppose m*b + 4